ed by p?
3
Suppose -5*b + 25 = -0*b. Suppose -6*z + z = -2*y + 37, -3*z - 45 = -b*y. What is the remainder when 23 is divided by y?
5
Let f(x) = 2*x - 8*x**3 + 9*x**3 + 2 - 7*x**2 + 8*x. Calculate the remainder when 50 is divided by f(6).
24
Let v(r) = 16*r**3 - r. Let n(q) = 3*q**2 - 2*q. What is the remainder when v(1) is divided by n(2)?
7
Suppose 4*q - 23 - 45 = 0. Let u = 16 + -8. Calculate the remainder when 7/((u/(-14))/(-4)) is divided by q.
15
Let s(b) = -3*b - 3. Suppose 0*m - 3*m = 9. What is the remainder when 17 is divided by s(m)?
5
Let o(f) = -f**2 + 15*f - 11. Let x be o(11). Suppose -9 = -2*u + x. Calculate the remainder when u is divided by 8.
5
Suppose 5*m - 19 - 401 = 0. Calculate the remainder when m is divided by 17.
16
Suppose b + 16 = 5*b + 4*l, 2*l + 7 = 3*b. Suppose -a = -3*y - 39, -y = 5*a + b*y - 214. What is the remainder when a is divided by 15?
12
Suppose 401 = 3*k - 10. Calculate the remainder when k is divided by 28.
25
Calculate the remainder when (-1 + 2)*20/(-12)*-21 is divided by 4.
3
Let k be 165/9 - 2/6. Let y be k/(-15)*(-10)/4. Calculate the remainder when 26 is divided by y/((-31)/(-14) - 2).
12
Let k(a) = -a**3 + 3*a**2 + 3*a + 3. Calculate the remainder when k(-2) is divided by 10.
7
Let y be (-53)/(-11) - 2/(-11). Suppose -4*b = -3*a - 53, -3*b - y*a = -4*b + 26. Let o = b - 4. Calculate the remainder when 18 is divided by o.
4
Let a(n) = -18*n - 6. Let t(x) = 6*x + 2. Let l(c) = -3*a(c) - 8*t(c). Calculate the remainder when 38 is divided by l(3).
18
Let k(d) = 10*d - 2. Suppose 5*g = -2*r + 10, r - 3*g + 5 = 2*r. What is the remainder when k(r) is divided by 25?
23
Suppose -5*u + 394 - 94 = -5*i, -231 = -4*u + i. Let t = -14 + u. What is the remainder when t is divided by 15?
13
What is the remainder when 19 is divided by (-43)/(-4) + (-3)/(-12)?
8
Let j(i) = i**3 - 3*i**2 + 5*i - 9. Calculate the remainder when j(5) is divided by 34.
32
Let r be (20/15)/(4/18). Suppose r*t - 80 = 2*t. Let m(u) = 2*u**2 - 3*u - 2. What is the remainder when t is divided by m(3)?
6
Suppose -19 = -r + 21. Let k = -33 + r. Suppose 3*o - 6*o + 48 = -3*i, o - 6 = -i. Calculate the remainder when o is divided by k.
4
Let u(y) = y**2 + 7*y - 2. Let c be u(-7). Calculate the remainder when 29 is divided by ((-6)/(-4))/(c/(-20)).
14
Let h be (5/2 - 3)*0. Suppose 5*n - 150 = -3*j, -2*j + n + 3*n + 100 = h. Calculate the remainder when j is divided by 26.
24
Suppose 8*t = 392 + 1304. Calculate the remainder when t is divided by 54.
50
Let k = 110 + -158. Let w = k + 79. Suppose 0*a - w = -2*b + a, -3*b - 3*a = -24. What is the remainder when 37 is divided by b?
11
Let s = -4 - -42. Calculate the remainder when 0 + s/(3 - 1) is divided by 56/6 - (-2)/3.
9
Let q(a) = a**3 + a**2 - 2*a - 1. Let n(u) = u**2 + 4*u - 3. Let o be n(-5). Let d = 71 + -51. What is the remainder when d is divided by q(o)?
6
Let c(m) = 4*m**2 - m + 1. Let v(f) = 45*f - 1. Calculate the remainder when v(1) is divided by c(2).
14
Let s be 3540/(-42) - 4/(-14). Let z = -53 - s. Calculate the remainder when z is divided by ((-30)/8 + 1)*-4.
9
Let m(z) = 2*z**2 - 10*z + 16. Calculate the remainder when 29 is divided by m(5).
13
Let t(i) = 3*i - 8. Suppose -s = 4*s - 30. What is the remainder when t(s) is divided by 4/((-4 - -3)*-1)?
2
Let w(c) = 2*c - 3. Let k be w(3). Suppose k*m = -0*m. Suppose -i + 9 = -m. Calculate the remainder when 15 is divided by i.
6
Suppose -2*c - 2*x = -52, -3*x = -4*c - 20 + 89. Calculate the remainder when ((-26)/13)/(2/(-82)) is divided by c.
19
Suppose 0 = -2*c + 8 - 2. Suppose c + 5 = 4*n. Suppose 5*g - 2*r = n*r + 25, 0 = g + 3*r - 24. What is the remainder when 26 is divided by g?
8
Let w be (-2 - -1)/((-2)/(-54)). Let m = -10 - w. Suppose -36 = -5*r + 124. What is the remainder when r is divided by m?
15
Suppose -1 + 23 = 2*k. Calculate the remainder when ((-4)/(-4)*1)/(-1) - -31 is divided by k.
8
Let w(i) = i**2 + 10. Suppose 0*u + 2*u = 0. Calculate the remainder when 17 is divided by w(u).
7
Let l(y) = y**2 + 1. Let f(s) = s**3 + 2*s**2 - 4*s - 7. Let c(b) = -f(b) - 3*l(b). Calculate the remainder when c(-6) is divided by 9.
7
Let n(c) = -c**2 - c + 4. Let w be n(-3). Suppose -4*k - 89 - 7 = 0. Calculate the remainder when k/w*9/6 is divided by 10.
8
Suppose 0 = g + 4*f - 37 - 24, 2*g - 94 = -f. Calculate the remainder when g is divided by 7.
3
Let a = 3 - -2. Let d = a + -2. Suppose b - 7 = -2*s, b + 4*b - d*s = 87. Calculate the remainder when b is divided by 4.
3
Let f be (78/12)/(1/12). Let x be -1 + f/(2 - -1). Suppose -u + x = -0*u. What is the remainder when u is divided by 9?
7
Let x(w) = -w**3 - 4*w**2 + 2*w + 5. What is the remainder when x(-6) is divided by 11?
10
Suppose 0 = b - 27 + 2. Let s(d) = d**3 - 10*d**2 + 11*d - 11. Let h be (-1 + (0 - 2))*-3. What is the remainder when b is divided by s(h)?
4
Suppose 8*v - 4*v + 16 = 0, -5*m + 7 = -3*v. Calculate the remainder when (1 - m)*88/16 is divided by 5.
1
Let v = -19 + 20. Calculate the remainder when 4 is divided by v.
0
Let a(l) = 4*l**2 - l. Let w be (-4)/2 - (1 - 2). Let k be a(w). What is the remainder when (-7 + k)/((-2)/31) is divided by 11?
9
Suppose 3*f + 2*f + 170 = 0. Let n be (2 + 10)*(-38)/(-8). Let t = f + n. Calculate the remainder when t is divided by 8.
7
Let h(u) = u + 10. Let r be h(-7). Suppose 4*s = -r*d + 35, 2*s = 3*d + 12 + 1. Calculate the remainder when 15 is divided by s.
7
Let t be 810/7 - (-12)/42. Let a = t - 73. What is the remainder when a is divided by 11?
10
Let m = -83 - -137. Calculate the remainder when 158 is divided by m.
50
Let l = 3 + -3. Let q = l - -2. Suppose -q*p = -p - 2. Calculate the remainder when p is divided by 1.
0
Suppose -8*n + 160 = -4*n. Suppose -n - 8 = -4*y. Calculate the remainder when 23 is divided by y.
11
Let x(u) = -4*u + 1. Let h be x(-1). Let i = h - -3. What is the remainder when 23 is divided by i?
7
Let r = -11 + 7. Calculate the remainder when 24 is divided by 325/35 - r/(-14).
6
Let m(w) = w**3 + 2*w**2 - 3*w + 2. Let y be m(-3). Let j(g) = 5*g**2 - g - 1. What is the remainder when j(y) is divided by 9?
8
Let f = -7 + 13. What is the remainder when (-3 - (-50)/16) + (-151)/(-8) is divided by f - (1*-2)/2?
5
Let i = 37 - 18. Calculate the remainder when 92 is divided by i.
16
Let f(i) = -i + 16. Let h = -11 + 22. What is the remainder when 9 is divided by f(h)?
4
Let a be 12*-4*(-2)/6. Let s = 1 + a. Calculate the remainder when s is divided by 30/4 - (-12)/8.
8
Let v = 50 - 41. Calculate the remainder when v is divided by 6.
3
Suppose 0 = -0*l + 2*l - 8. What is the remainder when 31 is divided by (l - -5) + (-1)/1?
7
Let f = 1 - -5. Let v = f - 3. Calculate the remainder when 3 is divided by v.
0
Let v = 1 + 15. Let h = v - 2. Let n = -53 + 93. Calculate the remainder when n is divided by h.
12
Calculate the remainder when 125 is divided by (-9)/2*644/(-69).
41
Let m be (-4)/(-8)*(0 - 0). Suppose 3*x + l - 2 = 17, -4*x - l + 24 = m. Let p(n) = -n**3 - 5*n**2 + 2. Calculate the remainder when x is divided by p(-5).
1
Let r = 0 + 3. Let u = 15 - 12. What is the remainder when u is divided by r?
0
Suppose -11*b + 484 = -7*b. Suppose 0 = 5*q + 16 - b. Calculate the remainder when 82 is divided by q.
19
Let l(y) = 2*y**3 + 3*y**2 - 3*y + 1. Let m be 4/7*(-42)/(-12). Suppose -3*w + 6*w - 204 = 0. Calculate the remainder when w is divided by l(m).
22
Suppose -9*m = -3*m + 744. Calculate the remainder when (31/(-1) - -2)*-1 is divided by (-3)/(-12) + m/(-16).
5
Let w(g) = 3*g**2 + 4*g + 3. Suppose -4*z = -12, -2*j + 4 = 2*j - 4*z. Let x(h) = 6*h + 2. Calculate the remainder when x(j) is divided by w(-2).
5
Suppose 2*y + 5*x = 20, -4*x + 33 = y + 4*y. Suppose 31 = q - 4*m, 0 = -0*q - y*q + 2*m + 119. Calculate the remainder when 90 is divided by q.
21
Let x(b) = b**3 + 4*b**2 + b - 1. Let q(n) = -n**3 - 3*n**2 + 1. Let w(j) = 5*q(j) + 6*x(j). What is the remainder when w(-8) is divided by 8?
7
Let v(q) = -5*q**2 - 21*q - 7. Let p(m) = 3*m**2 + 11*m + 3. Let g(o) = 7*p(o) + 4*v(o). What is the remainder when 0 + (-1 - -2 - -1) is divided by g(8)?
0
Suppose -5*s + 10*d = 5*d - 280, 2*s - 127 = -3*d. Calculate the remainder when s is divided by 16.
11
Let a(r) = 10*r. Let z be a(2). Let x =